ppose -13 + 5 = -4*c. Let g(w) = 0*w - 9 + w - c*w. Let t = 14 + -14. Determine g(t).
-9
Let b be (-12)/(-27) - 160/(-45). Let x(z) = -3*z + 2. Calculate x(b).
-10
Let n(k) = -k**2 + 355 + 9*k**2 - 184 - 177 + k**3. What is n(-8)?
-6
Let h(r) = 4*r**2 - 5. Let t(x) = 3*x**2 + x - 4. Let k(g) = -2*h(g) + 3*t(g). Let s be k(-4). Let f(i) = -3*i - 1 + 5 + i**s - 2*i. Give f(3).
-2
Let g(v) be the first derivative of 22 + 0*v - 17/2*v**2. What is g(-1)?
17
Let f(y) = -y**3 + y**2 + 2*y. Let p(g) = 2*g**3 + 5*g**2 - 8*g + 7. Suppose -3*s - 5*i = -2*s - 4, 5*s + 4 = -i. Let q(l) = s*p(l) - f(l). Give q(-7).
0
Suppose -2*y = 2*y + 64. Let g be (20/y)/(1/(-4)). Let v(l) = l**3 - 5*l**2 - l + 3. Let n be v(g). Let b(j) = j**3 + 3*j**2 + j + 1. Determine b(n).
3
Let y(m) be the third derivative of 1/40*m**5 + 0*m**3 + 0 + 0*m - m**2 + 1/720*m**6 + 1/4*m**4. Let w(k) be the second derivative of y(k). Give w(-6).
-3
Let h(r) be the third derivative of r**5/60 - r**4/3 + r**3/3 - 267*r**2. Determine h(8).
2
Let i(v) = -2*v**2 - 13*v - 11. Let m be 2/(-4) - 9/16*8. What is i(m)?
4
Suppose 0 = 7*u - u + 30. Let h(t) = t**2 + 6*t + 2. Give h(u).
-3
Let j be 9/(-15) + (-84)/(-15). Suppose 2*o + 5 + j = 0. Let l(g) = g**3 + 6*g**2 + 8*g + 7. Determine l(o).
-8
Let g = 223 + -224. Let q(l) = 12*l**2 + 2*l + 0*l - 2*l. Determine q(g).
12
Let z(l) = l - 1. Suppose 0 = -5*s - u + 35, -1 = -s - u + 6. Give z(s).
6
Suppose 5*i = -9 - 1. Let f be (4 + 0)/(i + 1). Let o(u) = 6 + u - 3 - 2. Determine o(f).
-3
Let f be (81/36)/((-9)/24). Let y(b) be the first derivative of 2 + 1/4*b**4 + 7/3*b**3 + 6*b + 3*b**2. Calculate y(f).
6
Let i(x) = 2*x**2 + 7 + 2*x**2 - 6*x - 4*x - 3*x**2. Give i(7).
-14
Suppose 5*j = -4*l + 19, -3*j + 8 = l - 2*l. Let z(y) = -6 + 7*y + l - 5*y + 0. What is z(7)?
9
Let p = 16 - 0. Let k = p + -15. Let f(u) = u**2 + 2*u - 1. Let l be f(k). Let i(o) = o**3 + o**2 - 2*o + 2. What is i(l)?
10
Let o(l) be the third derivative of l**5/30 - 5*l**4/24 + l**3/3 + 10*l**2 - 2. Give o(3).
5
Let k(q) = -3*q - 8. Suppose -42 = 13*z + 49. Give k(z).
13
Let p(s) = -5 + s**2 + 9 - 11*s + 4. Let t be p(11). Let f(m) = -3 + t - 3*m - 1 + 2*m. Determine f(5).
-1
Let m(a) be the second derivative of a**5/60 + a**4/4 + 2*a**3/3 + 9*a**2/2 + 19*a. Let k(v) be the first derivative of m(v). What is k(-4)?
-4
Let u(b) = 68 - 32 - 2*b**2 - 35 + 15*b**2. Let h be 4*(-1 + (-14)/(-8)). Suppose 3 = -h*j + 4*m, 3 = 3*j + 2*m + 6. Determine u(j).
14
Let m be ((-1)/2 + 1)*2. Let v(u) be the third derivative of -2*u**5/15 - u**4/12 + u**3/6 - 2*u**2 - 24. What is v(m)?
-9
Let u(l) = l**3 + 10*l**2 + 7*l. Suppose 247*f - 54 = 253*f. What is u(f)?
18
Let o be (-7 + -2)*100/(-90). Let g(d) = d**3 - 9*d**2 - 10*d. Calculate g(o).
0
Let p(j) be the second derivative of -2*j**3/3 + 3*j**2/2 + j. Let i = -54 - -56. What is p(i)?
-5
Let m(f) = 9*f**2 + f - 9. Let b(h) = -16*h**2 + 17. Let a(q) = 4*b(q) + 7*m(q). What is a(9)?
-13
Let b(a) = -a**3 + 2*a**2. Let d be (-64)/(-16) + 1 + -2. Suppose 5*m - 10 = -2*g - 0, d*m = -3*g + 6. Give b(m).
0
Suppose 4*i + 6 - 78 = 0. Let q(n) = i*n**2 - 13*n**2 + 5*n + 6 - 6*n**2. Calculate q(7).
-8
Let v(r) = r**3 + 4*r**2 + 2*r - 4. Let w be 3 - (1 + -2 + 6 + -4). Suppose 2*s = m + 14, 2*s = -w*m - 3*s + 17. Calculate v(m).
-12
Let b(k) = 38*k**3 + k. Let s be -3 + 3/((-3)/(-2)). What is b(s)?
-39
Let n(d) = -d**3 + 10*d**2 + 10*d + 26. Let i be n(11). Suppose 0 = -5*t + 5*f - 60, f = -2*f + i. Let r(w) = w**3 + 6*w**2 - 4*w + 1. Determine r(t).
-20
Let c = -9 - -14. Suppose 2*w + 15 = c*w. Suppose i + 4*i + w = 0. Let q(u) = -u**2 - u - 1. Calculate q(i).
-1
Suppose -237 = -2*s - 241. Let a(x) = 8*x**2 - 1. What is a(s)?
31
Let y(g) = g**2 + 6*g + 4. Suppose 0 = -k + 1 - 3, 2*a = 5*k - 2. Give y(a).
4
Suppose 3*w - 31 = -2*g, 2*w = w + 2*g + 5. Let u(t) = t**2 - 11*t + 8. What is u(w)?
-10
Let l(k) = -7*k - 5. Let d be l(-3). Let s(v) = 2*v**2 - 16 - 3*v + d. Determine s(2).
2
Let q be 40/(-10)*8/2. Let p = 21 + q. Suppose b = 2*b - p. Let l(r) = -r**3 + 5*r**2 - 2*r + 5. Calculate l(b).
-5
Let o(k) = -k**3 + 3*k**2 + 3*k + 3. Let l(a) = -4*a - 28. Let j be l(-8). Calculate o(j).
-1
Let v(c) be the first derivative of c**3/3 + 3*c**2 - 2*c - 1884. Suppose 2*r = -2*r - 20. Give v(r).
-7
Let y be (-2 + 9 - 8)*(-14)/(-2). Let z(c) be the first derivative of -c**5/120 - c**4/24 - c**3/3 - 4. Let u(t) be the third derivative of z(t). Give u(y).
6
Let i(j) = -8514 - j**2 - j + 2*j**2 + 8496. Give i(0).
-18
Let r = -17 + 35. Suppose -2*n + 2 = -0*n, 0 = -4*a - 2*n + r. Let y(j) = j**2 + j - 9. Let u(v) = v - 1. Let o(w) = -5*u(w) + y(w). What is o(a)?
-4
Let i be (-16)/56 + 74/14 + -10. Let m(z) = 1 - 1 + 3*z + 2. Give m(i).
-13
Let h(i) = -2 - 3*i - 602*i**2 - i + 601*i**2. Suppose 2*q = -5*v + 2*v - 4, 18 = -2*q + 4*v. Calculate h(q).
-7
Let f = 2365 - 2367. Let c(b) = 4*b + 4. Give c(f).
-4
Let y(p) be the first derivative of -p**4/2 - p + 79. Calculate y(-1).
1
Let f(q) = q**2 - 4*q + 3. Let z be 6/(2*1/(-6)). Let i be 6/(-4) + z/4. Let h be -2 - (-2)/(-3)*i. Calculate f(h).
-1
Suppose -4*q + 10 = -6. Let c = q + -5. Let w(a) = -a**2 - a. Let b(i) = -i**3 - i**2 - 2*i. Let l(h) = -b(h) + 2*w(h). Give l(c).
-2
Let p(b) be the first derivative of b**5/60 + 7*b**4/24 + 23*b**3/3 + 2. Let o(u) be the third derivative of p(u). Give o(-5).
-3
Let i(z) = z**3 - 3*z**2 + z + 1. Let v be i(3). Suppose -3*l + 2 = -v. Suppose l*f + 11 = 5. Let n(r) = -r**2 - 5*r - 3. Determine n(f).
3
Let p be -1 + (-4)/4 - -4. Let j be 0 + -3 + p + 9. Let q(d) = 3*d**3 + j - 2*d - 2*d**2 - 22 + 13 + d**2. Calculate q(-1).
-3
Let h(f) be the first derivative of f**3/3 - f**2/2 + f - 5. Let x be 6/5 - (33/15 + -2). What is h(x)?
1
Let r(h) = 2*h + 11. Suppose -6*o = -4*o - 16. What is r(o)?
27
Let z(w) = 10*w + 22. Let h be 26/(-39) - (-4)/(-3). Let s(b) = 3*b + 7. Let x(t) = h*z(t) + 7*s(t). Determine x(-4).
1
Let w be (-176)/(-33) - 1*(-3)/(-9). Suppose w*v + 12 + 3 = 0, -2*r - 2*v = -4. Let x(b) = b**2 - 9*b + 7. Calculate x(r).
-13
Let x(g) = -g**2 + 16*g + 16. Suppose -4*i - 5*c + 43 = 0, 3*i + 5*c = 30 - 4. Determine x(i).
-1
Let j(d) = 7*d**2 + 13*d - 6. Let s(m) = 4*m**2 + 7*m - 3. Let l(v) = 3*j(v) - 5*s(v). Let t = -48 + 71. Let n = 19 - t. What is l(n)?
-3
Let i(j) = -j**2 + 9*j + 1. Let h(q) = -2*q**3 + 2*q**2 + 10*q. Let d be h(-2). Calculate i(d).
21
Suppose -x - 20 = -5*x. Let i(z) = -8*z + z + 21*z - 8*z + 1 - 7*z. What is i(x)?
-4
Let a(r) = 4*r + 2. Suppose 0 = 11*t - 6*t - 5. Let z be a(t). Let n(d) = 2*d - 3. Calculate n(z).
9
Let m(v) = 4*v - 47. Let b(i) = i - 17. Let z(t) = 11*b(t) - 4*m(t). Let j(h) = -2*h**2 + h + 1. Let y be j(-1). Calculate z(y).
11
Let s(t) = -t - 14. Let h(d) = d**2 - 4*d + 3. Let f be h(1). Give s(f).
-14
Let m(x) = 5*x**3 + 24*x**2 - 9*x - 5. Let f(t) = -9*t**3 - 46*t**2 + 18*t + 10. Let d(b) = 6*f(b) + 11*m(b). Determine d(11).
-17
Let w(z) = -3*z - 2. Let o(t) = -t**3 + 4*t**2 + 4*t + 5. Let x be o(4). Let m = -23 + x. Let r be ((-12)/(-20))/(m/10). Calculate w(r).
7
Let w be 9/18*0*2/(-4). Let i(y) = -y**2 + 5*y - 5. Calculate i(w).
-5
Let m(o) = 8*o - 50. Let w(c) = 3*c - 25. Let j(l) = 4*m(l) - 9*w(l). Let x(r) = r + 6. Let a = -10 - -19. Let v(z) = a*x(z) - 2*j(z). Calculate v(3).
1
Suppose -4*b + 2 = -13*j + 11*j, -4*b = -j + 3. Let a(u) = u**3 + 4*u**2 + u + 31. Calculate a(j).
1
Let y = -8 + 13. Let g(x) = -2*x - y*x + 4 - 7 + 5*x. Calculate g(-4).
5
Let d be 6*20/(-12)*-2. Let t = d - 18. Let w(x) = -5*x + 9. Let h(k) = 10*k - 17. Let g(s) = 6*h(s) + 11*w(s). Give g(t).
7
Let i(y) = 3*y**3 - 3*y**2 + 4*y - 6. Let c(k) = -13*k**3 + 11*k**2 - 15*k + 26. Let w(s) = 2*c(s) + 9*i(s). Determine w(4).
6
Let o(i) = -2*i**2 + 7*i + 2. Let z be (108/(-5))/(-4) + (-12)/30. Determine o(z).
-13
Let z(i) = -i**2 + 1. Suppose q - a = -3*a + 2, 0 = -5*a + 5. Let v be (-1 + 1)/(3 - (-3 + 5)). Suppose v = -l + 2*t, q*l - 5*t = l. Determine z(l).
1
Let t(i) = -i**2 - 5*i + 8. Suppose 7*o - 138 = 30*o. Calculate t(o).
2
Suppose 12*g = 10*g + 4. Suppose -g = 5*c - 2. Let p(d) be the third derivative of -d**4/24 + 7*d**3/6 + 2*d**2. Determine p(c).
7
Let h(o) = 0*o**2 + 3*o**2 - 4*o**2 + 18*o - 2*o**2 + 16 + 2*o**2. Give h(17).
33
Let t be